, what is 10 - 4?
1
In base 5, what is 4 - 410?
-401
In base 11, what is 2 - a41?
-a3a
In base 7, what is 1 - -206?
210
In base 15, what is 1 - -14a?
14b
In base 2, what is 10101 - 1001?
1100
In base 9, what is -31 + -466?
-507
In base 9, what is 5 - 6328?
-6323
In base 9, what is 28 - 16?
12
In base 8, what is 2 + 171?
173
In base 7, what is -10 + 2304?
2264
In base 5, what is -442 - 4?
-1001
In base 4, what is 1202 + 11?
1213
In base 9, what is -885 - 12?
-1007
In base 3, what is -100 - 20022?
-20122
In base 13, what is 4 - -a7?
ab
In base 6, what is 1 + 14242?
14243
In base 11, what is -42a + -3?
-432
In base 16, what is 7 + -49?
-42
In base 8, what is -64 - 1023?
-1107
In base 13, what is -329 - 4?
-330
In base 12, what is -1 + 75?
74
In base 11, what is -591 + 3?
-589
In base 2, what is 10 + 10011011111?
10011100001
In base 8, what is 15 + -7?
6
In base 4, what is 21 + 122?
203
In base 13, what is 4 - -1886?
188a
In base 12, what is -3 + 278?
275
In base 7, what is -3 - 541?
-544
In base 9, what is -3 - -114?
111
In base 15, what is 2 + -d8?
-d6
In base 2, what is 11 - 100001001?
-100000110
In base 10, what is -1 + -2004?
-2005
In base 6, what is -2555 - 0?
-2555
In base 16, what is 5 + -36?
-31
In base 6, what is -5525 + 21?
-5504
In base 6, what is -3122 - -5?
-3113
In base 4, what is 11 - -22?
33
In base 5, what is -33041 - 4?
-33100
In base 9, what is -442 - -4?
-437
In base 3, what is -21 + -2000?
-2021
In base 2, what is 10001011 + 100?
10001111
In base 8, what is -54 + -4?
-60
In base 4, what is 10000 - 0?
10000
In base 12, what is 66 - -5?
6b
In base 9, what is -5 - -52?
46
In base 14, what is -4 + a6c?
a68
In base 10, what is -3 - 39?
-42
In base 7, what is -33065 + -1?
-33066
In base 6, what is 1010 + -22?
544
In base 8, what is 1 - -23?
24
In base 4, what is -1023 - -1?
-1022
In base 14, what is 3 - -d18?
d1b
In base 13, what is 1 + -3a?
-39
In base 10, what is -2987 - 0?
-2987
In base 16, what is -1 + -45?
-46
In base 9, what is 14 - -58?
73
In base 16, what is -4b + a?
-41
In base 7, what is 14 + 2121?
2135
In base 3, what is -12 + -1000121?
-1000210
In base 14, what is -a0c - 2?
-a10
In base 5, what is 10002 + -3?
4444
In base 14, what is -5 - -78?
73
In base 4, what is -13 + -101112?
-101131
In base 10, what is 26 - -53?
79
In base 7, what is -4 + -211?
-215
In base 2, what is -101000 + 1000?
-100000
In base 6, what is -111 - 4?
-115
In base 11, what is -1173 - 1?
-1174
In base 16, what is -17 + -3?
-1a
In base 16, what is -5 - -2e?
29
In base 5, what is -10 + 1103?
1043
In base 14, what is 5 + -c6?
-c1
In base 5, what is -112244 - 4?
-112303
In base 15, what is 1 + -3e?
-3d
In base 10, what is 3 - 3014?
-3011
In base 11, what is 10 + -185?
-175
In base 10, what is -67 - 23?
-90
In base 11, what is -3429 - -4?
-3425
In base 7, what is 216 - 4?
212
In base 4, what is 3 - 3303?
-3300
In base 5, what is -1004 + -13?
-1022
In base 12, what is 3 + 266?
269
In base 4, what is -30203 + 1?
-30202
In base 16, what is -2 + c0?
be
In base 8, what is 52 - -4?
56
In base 10, what is -1179 + 2?
-1177
In base 3, what is 12 - -120102?
120121
In base 2, what is -11001 + 10111100?
10100011
In base 12, what is 345 - 3?
342
In base 10, what is 3290 + -5?
3285
In base 7, what is -130 + 21?
-106
In base 9, what is 45 + -158?
-113
In base 11, what is -10 + -38a?
-39a
In base 16, what is 17 - -5?
1c
In base 12, what is -4 - -1b3?
1ab
In base 4, what is -131 + -23?
-220
In base 5, what is 41341 + -3?
41333
In base 9, what is -73 + -241?
-324
In base 4, what is 13221 + 20?
13301
In base 5, what is 0 + -2230?
-2230
In base 3, what is 2 - -1122110?
1122112
In base 3, what is -220221 - 0?
-220221
In base 10, what is 473 - 5?
468
In base 11, what is 224 - 5?
21a
In base 6, what is -3150 - 2?
-3152
In base 8, what is 2 - 3525?
-3523
In base 9, what is 112 + 2?
114
In base 11, what is -2713 - 1?
-2714
In base 9, what is 3 + -136?
-133
In base 9, what is -2 - -61?
58
In base 11, what is 93 - 59?
35
In base 2, what is 10011 - -1000101?
1011000
In base 3, what is -100100221 - -11?
-100100210
In base 6, what is 5143 + 21?
5204
In base 9, what is -11 + 342?
331
In base 9, what is -5 - -44?
38
In base 8, what is 105 + 7?
114
In base 16, what is 6 - -f9?
ff
In base 14, what is -570 - 1?
-571
In base 9, what is 46 - -3?
50
In base 11, what is 2a0 + 5?
2a5
In base 15, what is 67b - 0?
67b
In base 3, what is -12 - -2?
-10
In base 7, what is -14 - -2015?
2001
In base 14, what is 63 - -34?
97
In base 4, what is -13311 - -12?
-13233
In base 9, what is 0 - 805?
-805
In base 13, what is 63a - 3?
637
In base 3, what is -221 + 2021?
1100
In base 13, what is 566 - 0?
566
In base 6, what is 421 + 3?
424
In base 13, what is a - -111?
11b
In base 14, what is -3 + -430?
-433
In base 4, what is -310123 - 0?
-310123
In base 9, what is 0 + 308?
308
In base 13, what is c + 0?
c
In base 3, what is 2010 - -1012?
10022
In base 14, what is -d - 503?
-512
In base 14, what is -4 + 20?
1a
In base 7, what is -360 + -11?
-401
In base 8, what is 1 - -100?
101
In base 4, what is 11 - -31301?
31312
In base 2, what is -100 - 1000011?
-1000111
In base 4, what is -1130 + -131?
-1321
In base 3, what is 12 - 1121?
-1102
In base 6, what is -35 + -3?
-42
In base 3, what is 2100 - -12?
2112
In base 16, what is 144 + 5?
149
In base 15, what is -98 + -d?
-a6
In base 16, what is 76 - 0?
76
In base 2, what is -10000001100000 + -10?
-10000001100010
In base 3, what is 12001122 + 0?
12001122
In base 14, what is dc + 19?
117
In base 8, what is -1 + 4330?
4327
In base 7, what is -13 + -60?
-103
In base 14, what is 3b + 0?
3b
In base 11, what is -5541 + 1?
-5540
In base 12, what is 13 - -4?
17
In base 12, what is 143a8 - 0?
143a8
In base 11, what is -2a2 + -3?
-2a5
In base 12, what is -10 + -318?
-328
In base 3, what is -2111 + 112?
-1222
In base 6, what is -3 + -13?
-20
In base 10, what is 19 + 818?
837
In base 11, what is -4 + -67?
-70
In base 13, what is 5 - -4ac?
4b4
In base 14, what is 17 - -107?
120
In base 9, what is -533 + 5?
-527
In base 15, what is 2 - 31?
-2e
In base 6, what is -32 - -133?
101
In base 15, what is 4 - 85?
-81
In base 12, what is -2 + 928?
926
In base 16, what is -112 + -3?
-115
In base 9, what is -5 - -20?
14
In base 3, what is -111 + 10211?
10100
In base 11, what is -4a43 + -3?
-4a46
In base 11, what is 5 + 2946?
2950
In base 10, what is 41 - -24?
65
In base 11, what is 5 - 7a?
-75
In base 10, what is 13 + 150?
163
In base 5, what is 3434 - -31?
4020
In base 7, what is 146 + 24?
203
In base 6, what is -4455 + 1?
-4454
In base 2, what is 0 + 100?
100
In base 15, what is 3 + 1a?
1d
In base 9, what is -73 + 10?
-63
In base 10, what is 1905 + -2?
1903
In base 5, what is -24 - -24?
0
In base 12, what is -79 - -22?
-57
In base 5, what is -3040 - -4?
-3031
In base 8, what is -1421 - 5?
-1426
In base 2, what is 1000 + 1000?
10000
In base 4, what is -1 + -232?
-233
In base 9, what is 20001 + 0?
20001
In base 13, what is -358 + -2?
-35a
In base 16, what is -845 + 1?
-844
In base 11, what is -44 + 4?
-40
In base 14, what is 60c - 3?
609
In base 5, what is -4 + -10430?
-10434
In base 9, what is 684 - -5?
700
In base 11, what is -1 - -12a4?
12a3
In base 12, what is 16 - -68?
82
In base 3, what is -1121011 + 12?
-1120222
In base 4, what is -31 - 11310?
-12001
In base 8, what is -5 - 337?
-344
In base 3, what is -22002 + 1012?
-20220
In base 14, what is 8 + 10c?
116
In base 16, what is 286 + 3?
289
In base 10, what is -880 - 1?
-881
In base 16, what is -98 - -f?
-89
In base 12, what is ab + 1?
b0
In base 14, what is -13 - -114?
101
In base 16, what is 4 + -2e?
-2a
In base 14, what is ca1 - 1?
ca0
In base 14, what is -30 - -41?
11
In base 11, what is 35 - 7?
29
In base 13, what is 17c + 0?
17c
In base 11, what is -2 + -243?
-245
In base 2, what is 10110 - 1?
10101
In base 14, what is -286 - -10?
-276
In base 2, what is 0 + 110010?
110010
In base 12, what is -4 + 197?
193
In base 10, what is 5 + -2026?
-2021
In base 10, what is 124 - 15?
109
In base 8, what is 7 + -2?
5
In base 7, what is -3 + 105?
102
In base 14, what is -111 + -2?
-113
In base 12, what is 4 - 29?
-25
In base 12, what is 80 - 69?
13
In base 9, what is -2 + 1122?
1120
In base 9, what is 1221 + -3?
1217
In base 4, what is -111 +